{"id":1142,"date":"2018-09-21T17:14:31","date_gmt":"2018-09-21T15:14:31","guid":{"rendered":"https:\/\/2026.fondationprimat.org\/ressources\/lecole-du-colibri-la-pedagogie-de-la-cooperation\/"},"modified":"2026-05-30T21:12:47","modified_gmt":"2026-05-30T19:12:47","slug":"lecole-du-colibri-la-pedagogie-de-la-cooperation","status":"publish","type":"ressource","link":"https:\/\/fondationprimat.org\/en\/ressources\/lecole-du-colibri-la-pedagogie-de-la-cooperation\/","title":{"rendered":"L\u2019\u00e9cole du Colibri, la p\u00e9dagogie de la coop\u00e9ration (French)"},"featured_media":515,"template":"","meta":{"_acf_changed":false},"thematique":[23],"ressource_categorie":[96],"class_list":["post-1142","ressource","type-ressource","status-publish","has-post-thumbnail","hentry","thematique-education-en","ressource_categorie-press"],"acf":[],"yoast_head":"<!-- This site is optimized with the Yoast SEO plugin v28.3 - https:\/\/yoast.com\/product\/yoast-seo-wordpress\/ -->\n<title>L\u2019\u00e9cole du Colibri, la p\u00e9dagogie de la coop\u00e9ration (French) &#8211; Fondation Primat<\/title>\n<meta name=\"robots\" content=\"index, follow, max-snippet:-1, max-image-preview:large, max-video-preview:-1\" \/>\n<link rel=\"canonical\" href=\"https:\/\/fondationprimat.org\/en\/ressources\/lecole-du-colibri-la-pedagogie-de-la-cooperation\/\" \/>\n<meta property=\"og:locale\" content=\"en_US\" \/>\n<meta property=\"og:type\" content=\"article\" \/>\n<meta property=\"og:title\" content=\"L\u2019\u00e9cole du Colibri, la p\u00e9dagogie de la coop\u00e9ration (French) &#8211; Fondation Primat\" \/>\n<meta property=\"og:url\" content=\"https:\/\/fondationprimat.org\/en\/ressources\/lecole-du-colibri-la-pedagogie-de-la-cooperation\/\" \/>\n<meta property=\"og:site_name\" content=\"Fondation Primat\" \/>\n<meta property=\"article:modified_time\" content=\"2026-05-30T19:12:47+00:00\" \/>\n<meta property=\"og:image\" content=\"https:\/\/fondationprimat.org\/wp-content\/uploads\/2018\/09\/d07dea454a9310fee6abab6b98ddd8db00b48f671387ec66e40569f78c03.jpg\" \/>\n\t<meta property=\"og:image:width\" content=\"1400\" \/>\n\t<meta property=\"og:image:height\" content=\"1900\" \/>\n\t<meta property=\"og:image:type\" content=\"image\/jpeg\" \/>\n<meta name=\"twitter:card\" content=\"summary_large_image\" \/>\n<meta name=\"twitter:label1\" content=\"Est. reading time\" \/>\n\t<meta name=\"twitter:data1\" content=\"1 minute\" \/>\n<script type=\"application\/ld+json\" class=\"yoast-schema-graph\">{\"@context\":\"https:\\\/\\\/schema.org\",\"@graph\":[{\"@type\":\"WebPage\",\"@id\":\"https:\\\/\\\/fondationprimat.org\\\/en\\\/ressources\\\/lecole-du-colibri-la-pedagogie-de-la-cooperation\\\/\",\"url\":\"https:\\\/\\\/fondationprimat.org\\\/en\\\/ressources\\\/lecole-du-colibri-la-pedagogie-de-la-cooperation\\\/\",\"name\":\"L\u2019\u00e9cole du Colibri, la p\u00e9dagogie de la coop\u00e9ration (French) &#8211; Fondation Primat\",\"isPartOf\":{\"@id\":\"https:\\\/\\\/fondationprimat.org\\\/#website\"},\"primaryImageOfPage\":{\"@id\":\"https:\\\/\\\/fondationprimat.org\\\/en\\\/ressources\\\/lecole-du-colibri-la-pedagogie-de-la-cooperation\\\/#primaryimage\"},\"image\":{\"@id\":\"https:\\\/\\\/fondationprimat.org\\\/en\\\/ressources\\\/lecole-du-colibri-la-pedagogie-de-la-cooperation\\\/#primaryimage\"},\"thumbnailUrl\":\"https:\\\/\\\/fondationprimat.org\\\/wp-content\\\/uploads\\\/2018\\\/09\\\/d07dea454a9310fee6abab6b98ddd8db00b48f671387ec66e40569f78c03.jpg\",\"datePublished\":\"2018-09-21T15:14:31+00:00\",\"dateModified\":\"2026-05-30T19:12:47+00:00\",\"breadcrumb\":{\"@id\":\"https:\\\/\\\/fondationprimat.org\\\/en\\\/ressources\\\/lecole-du-colibri-la-pedagogie-de-la-cooperation\\\/#breadcrumb\"},\"inLanguage\":\"en-US\",\"potentialAction\":[{\"@type\":\"ReadAction\",\"target\":[\"https:\\\/\\\/fondationprimat.org\\\/en\\\/ressources\\\/lecole-du-colibri-la-pedagogie-de-la-cooperation\\\/\"]}]},{\"@type\":\"ImageObject\",\"inLanguage\":\"en-US\",\"@id\":\"https:\\\/\\\/fondationprimat.org\\\/en\\\/ressources\\\/lecole-du-colibri-la-pedagogie-de-la-cooperation\\\/#primaryimage\",\"url\":\"https:\\\/\\\/fondationprimat.org\\\/wp-content\\\/uploads\\\/2018\\\/09\\\/d07dea454a9310fee6abab6b98ddd8db00b48f671387ec66e40569f78c03.jpg\",\"contentUrl\":\"https:\\\/\\\/fondationprimat.org\\\/wp-content\\\/uploads\\\/2018\\\/09\\\/d07dea454a9310fee6abab6b98ddd8db00b48f671387ec66e40569f78c03.jpg\",\"width\":1400,\"height\":1900,\"caption\":\"Fondation Didier et Martine Primat - Vivre ensemble de mani\u00e8re responsable et durable\"},{\"@type\":\"BreadcrumbList\",\"@id\":\"https:\\\/\\\/fondationprimat.org\\\/en\\\/ressources\\\/lecole-du-colibri-la-pedagogie-de-la-cooperation\\\/#breadcrumb\",\"itemListElement\":[{\"@type\":\"ListItem\",\"position\":1,\"name\":\"Home\",\"item\":\"https:\\\/\\\/fondationprimat.org\\\/en\\\/\"},{\"@type\":\"ListItem\",\"position\":2,\"name\":\"Ressources\",\"item\":\"https:\\\/\\\/fondationprimat.org\\\/ressources\\\/\"},{\"@type\":\"ListItem\",\"position\":3,\"name\":\"L\u2019\u00e9cole du Colibri, la p\u00e9dagogie de la coop\u00e9ration (French)\"}]},{\"@type\":\"WebSite\",\"@id\":\"https:\\\/\\\/fondationprimat.org\\\/#website\",\"url\":\"https:\\\/\\\/fondationprimat.org\\\/\",\"name\":\"Fondation Didier et Martine Primat\",\"description\":\"\",\"publisher\":{\"@id\":\"https:\\\/\\\/fondationprimat.org\\\/#organization\"},\"alternateName\":\"Fondation Primat\",\"potentialAction\":[{\"@type\":\"SearchAction\",\"target\":{\"@type\":\"EntryPoint\",\"urlTemplate\":\"https:\\\/\\\/fondationprimat.org\\\/?s={search_term_string}\"},\"query-input\":{\"@type\":\"PropertyValueSpecification\",\"valueRequired\":true,\"valueName\":\"search_term_string\"}}],\"inLanguage\":\"en-US\"},{\"@type\":\"Organization\",\"@id\":\"https:\\\/\\\/fondationprimat.org\\\/#organization\",\"name\":\"Fondation Didier et Martine Primat\",\"url\":\"https:\\\/\\\/fondationprimat.org\\\/\",\"logo\":{\"@type\":\"ImageObject\",\"inLanguage\":\"en-US\",\"@id\":\"https:\\\/\\\/fondationprimat.org\\\/#\\\/schema\\\/logo\\\/image\\\/\",\"url\":\"https:\\\/\\\/fondationprimat.org\\\/wp-content\\\/uploads\\\/2026\\\/09\\\/Logo-Fondation-Primat.png.webp\",\"contentUrl\":\"https:\\\/\\\/fondationprimat.org\\\/wp-content\\\/uploads\\\/2026\\\/09\\\/Logo-Fondation-Primat.png.webp\",\"width\":768,\"height\":742,\"caption\":\"Fondation Didier et Martine Primat\"},\"image\":{\"@id\":\"https:\\\/\\\/fondationprimat.org\\\/#\\\/schema\\\/logo\\\/image\\\/\"}}]}<\/script>\n<!-- \/ Yoast SEO plugin. -->","yoast_head_json":{"title":"L\u2019\u00e9cole du Colibri, la p\u00e9dagogie de la coop\u00e9ration (French) &#8211; Fondation Primat","robots":{"index":"index","follow":"follow","max-snippet":"max-snippet:-1","max-image-preview":"max-image-preview:large","max-video-preview":"max-video-preview:-1"},"canonical":"https:\/\/fondationprimat.org\/en\/ressources\/lecole-du-colibri-la-pedagogie-de-la-cooperation\/","og_locale":"en_US","og_type":"article","og_title":"L\u2019\u00e9cole du Colibri, la p\u00e9dagogie de la coop\u00e9ration (French) &#8211; Fondation Primat","og_url":"https:\/\/fondationprimat.org\/en\/ressources\/lecole-du-colibri-la-pedagogie-de-la-cooperation\/","og_site_name":"Fondation Primat","article_modified_time":"2026-05-30T19:12:47+00:00","og_image":[{"width":1400,"height":1900,"url":"https:\/\/fondationprimat.org\/wp-content\/uploads\/2018\/09\/d07dea454a9310fee6abab6b98ddd8db00b48f671387ec66e40569f78c03.jpg","type":"image\/jpeg"}],"twitter_card":"summary_large_image","twitter_misc":{"Est. reading time":"1 minute"},"schema":{"@context":"https:\/\/schema.org","@graph":[{"@type":"WebPage","@id":"https:\/\/fondationprimat.org\/en\/ressources\/lecole-du-colibri-la-pedagogie-de-la-cooperation\/","url":"https:\/\/fondationprimat.org\/en\/ressources\/lecole-du-colibri-la-pedagogie-de-la-cooperation\/","name":"L\u2019\u00e9cole du Colibri, la p\u00e9dagogie de la coop\u00e9ration (French) &#8211; Fondation Primat","isPartOf":{"@id":"https:\/\/fondationprimat.org\/#website"},"primaryImageOfPage":{"@id":"https:\/\/fondationprimat.org\/en\/ressources\/lecole-du-colibri-la-pedagogie-de-la-cooperation\/#primaryimage"},"image":{"@id":"https:\/\/fondationprimat.org\/en\/ressources\/lecole-du-colibri-la-pedagogie-de-la-cooperation\/#primaryimage"},"thumbnailUrl":"https:\/\/fondationprimat.org\/wp-content\/uploads\/2018\/09\/d07dea454a9310fee6abab6b98ddd8db00b48f671387ec66e40569f78c03.jpg","datePublished":"2018-09-21T15:14:31+00:00","dateModified":"2026-05-30T19:12:47+00:00","breadcrumb":{"@id":"https:\/\/fondationprimat.org\/en\/ressources\/lecole-du-colibri-la-pedagogie-de-la-cooperation\/#breadcrumb"},"inLanguage":"en-US","potentialAction":[{"@type":"ReadAction","target":["https:\/\/fondationprimat.org\/en\/ressources\/lecole-du-colibri-la-pedagogie-de-la-cooperation\/"]}]},{"@type":"ImageObject","inLanguage":"en-US","@id":"https:\/\/fondationprimat.org\/en\/ressources\/lecole-du-colibri-la-pedagogie-de-la-cooperation\/#primaryimage","url":"https:\/\/fondationprimat.org\/wp-content\/uploads\/2018\/09\/d07dea454a9310fee6abab6b98ddd8db00b48f671387ec66e40569f78c03.jpg","contentUrl":"https:\/\/fondationprimat.org\/wp-content\/uploads\/2018\/09\/d07dea454a9310fee6abab6b98ddd8db00b48f671387ec66e40569f78c03.jpg","width":1400,"height":1900,"caption":"Fondation Didier et Martine Primat - Vivre ensemble de mani\u00e8re responsable et durable"},{"@type":"BreadcrumbList","@id":"https:\/\/fondationprimat.org\/en\/ressources\/lecole-du-colibri-la-pedagogie-de-la-cooperation\/#breadcrumb","itemListElement":[{"@type":"ListItem","position":1,"name":"Home","item":"https:\/\/fondationprimat.org\/en\/"},{"@type":"ListItem","position":2,"name":"Ressources","item":"https:\/\/fondationprimat.org\/ressources\/"},{"@type":"ListItem","position":3,"name":"L\u2019\u00e9cole du Colibri, la p\u00e9dagogie de la coop\u00e9ration (French)"}]},{"@type":"WebSite","@id":"https:\/\/fondationprimat.org\/#website","url":"https:\/\/fondationprimat.org\/","name":"Fondation Didier et Martine Primat","description":"","publisher":{"@id":"https:\/\/fondationprimat.org\/#organization"},"alternateName":"Fondation Primat","potentialAction":[{"@type":"SearchAction","target":{"@type":"EntryPoint","urlTemplate":"https:\/\/fondationprimat.org\/?s={search_term_string}"},"query-input":{"@type":"PropertyValueSpecification","valueRequired":true,"valueName":"search_term_string"}}],"inLanguage":"en-US"},{"@type":"Organization","@id":"https:\/\/fondationprimat.org\/#organization","name":"Fondation Didier et Martine Primat","url":"https:\/\/fondationprimat.org\/","logo":{"@type":"ImageObject","inLanguage":"en-US","@id":"https:\/\/fondationprimat.org\/#\/schema\/logo\/image\/","url":"https:\/\/fondationprimat.org\/wp-content\/uploads\/2026\/09\/Logo-Fondation-Primat.png.webp","contentUrl":"https:\/\/fondationprimat.org\/wp-content\/uploads\/2026\/09\/Logo-Fondation-Primat.png.webp","width":768,"height":742,"caption":"Fondation Didier et Martine Primat"},"image":{"@id":"https:\/\/fondationprimat.org\/#\/schema\/logo\/image\/"}}]}},"_links":{"self":[{"href":"https:\/\/fondationprimat.org\/en\/wp-json\/wp\/v2\/ressource\/1142","targetHints":{"allow":["GET"]}}],"collection":[{"href":"https:\/\/fondationprimat.org\/en\/wp-json\/wp\/v2\/ressource"}],"about":[{"href":"https:\/\/fondationprimat.org\/en\/wp-json\/wp\/v2\/types\/ressource"}],"version-history":[{"count":2,"href":"https:\/\/fondationprimat.org\/en\/wp-json\/wp\/v2\/ressource\/1142\/revisions"}],"predecessor-version":[{"id":8346,"href":"https:\/\/fondationprimat.org\/en\/wp-json\/wp\/v2\/ressource\/1142\/revisions\/8346"}],"wp:featuredmedia":[{"embeddable":true,"href":"https:\/\/fondationprimat.org\/en\/wp-json\/wp\/v2\/media\/515"}],"wp:attachment":[{"href":"https:\/\/fondationprimat.org\/en\/wp-json\/wp\/v2\/media?parent=1142"}],"wp:term":[{"taxonomy":"thematique","embeddable":true,"href":"https:\/\/fondationprimat.org\/en\/wp-json\/wp\/v2\/thematique?post=1142"},{"taxonomy":"ressource_categorie","embeddable":true,"href":"https:\/\/fondationprimat.org\/en\/wp-json\/wp\/v2\/ressource_categorie?post=1142"}],"curies":[{"name":"wp","href":"https:\/\/api.w.org\/{rel}","templated":true}]}}

L’école du Colibri, la pédagogie de la coopération (French)

<!-- This site is optimized with the Yoast SEO plugin v28.3 - https://yoast.com/product/yoast-seo-wordpress/ -->
<title>L’école du Colibri, la pédagogie de la coopération (French) &#8211; Fondation Primat</title>
<meta name="robots" content="index, follow, max-snippet:-1, max-image-preview:large, max-video-preview:-1" />
<link rel="canonical" href="https://fondationprimat.org/en/ressources/lecole-du-colibri-la-pedagogie-de-la-cooperation/" />
<meta property="og:locale" content="en_US" />
<meta property="og:type" content="article" />
<meta property="og:title" content="L’école du Colibri, la pédagogie de la coopération (French) &#8211; Fondation Primat" />
<meta property="og:url" content="https://fondationprimat.org/en/ressources/lecole-du-colibri-la-pedagogie-de-la-cooperation/" />
<meta property="og:site_name" content="Fondation Primat" />
<meta property="article:modified_time" content="2026-05-30T19:12:47+00:00" />
<meta property="og:image" content="https://fondationprimat.org/wp-content/uploads/2018/09/d07dea454a9310fee6abab6b98ddd8db00b48f671387ec66e40569f78c03.jpg" />
	<meta property="og:image:width" content="1400" />
	<meta property="og:image:height" content="1900" />
	<meta property="og:image:type" content="image/jpeg" />
<meta name="twitter:card" content="summary_large_image" />
<meta name="twitter:label1" content="Est. reading time" />
	<meta name="twitter:data1" content="1 minute" />
<script type="application/ld+json" class="yoast-schema-graph">{"@context":"https:\/\/schema.org","@graph":[{"@type":"WebPage","@id":"https:\/\/fondationprimat.org\/en\/ressources\/lecole-du-colibri-la-pedagogie-de-la-cooperation\/","url":"https:\/\/fondationprimat.org\/en\/ressources\/lecole-du-colibri-la-pedagogie-de-la-cooperation\/","name":"L’école du Colibri, la pédagogie de la coopération (French) &#8211; Fondation Primat","isPartOf":{"@id":"https:\/\/fondationprimat.org\/#website"},"primaryImageOfPage":{"@id":"https:\/\/fondationprimat.org\/en\/ressources\/lecole-du-colibri-la-pedagogie-de-la-cooperation\/#primaryimage"},"image":{"@id":"https:\/\/fondationprimat.org\/en\/ressources\/lecole-du-colibri-la-pedagogie-de-la-cooperation\/#primaryimage"},"thumbnailUrl":"https:\/\/fondationprimat.org\/wp-content\/uploads\/2018\/09\/d07dea454a9310fee6abab6b98ddd8db00b48f671387ec66e40569f78c03.jpg","datePublished":"2018-09-21T15:14:31+00:00","dateModified":"2026-05-30T19:12:47+00:00","breadcrumb":{"@id":"https:\/\/fondationprimat.org\/en\/ressources\/lecole-du-colibri-la-pedagogie-de-la-cooperation\/#breadcrumb"},"inLanguage":"en-US","potentialAction":[{"@type":"ReadAction","target":["https:\/\/fondationprimat.org\/en\/ressources\/lecole-du-colibri-la-pedagogie-de-la-cooperation\/"]}]},{"@type":"ImageObject","inLanguage":"en-US","@id":"https:\/\/fondationprimat.org\/en\/ressources\/lecole-du-colibri-la-pedagogie-de-la-cooperation\/#primaryimage","url":"https:\/\/fondationprimat.org\/wp-content\/uploads\/2018\/09\/d07dea454a9310fee6abab6b98ddd8db00b48f671387ec66e40569f78c03.jpg","contentUrl":"https:\/\/fondationprimat.org\/wp-content\/uploads\/2018\/09\/d07dea454a9310fee6abab6b98ddd8db00b48f671387ec66e40569f78c03.jpg","width":1400,"height":1900,"caption":"Fondation Didier et Martine Primat - Vivre ensemble de manière responsable et durable"},{"@type":"BreadcrumbList","@id":"https:\/\/fondationprimat.org\/en\/ressources\/lecole-du-colibri-la-pedagogie-de-la-cooperation\/#breadcrumb","itemListElement":[{"@type":"ListItem","position":1,"name":"Home","item":"https:\/\/fondationprimat.org\/en\/"},{"@type":"ListItem","position":2,"name":"Ressources","item":"https:\/\/fondationprimat.org\/ressources\/"},{"@type":"ListItem","position":3,"name":"L’école du Colibri, la pédagogie de la coopération (French)"}]},{"@type":"WebSite","@id":"https:\/\/fondationprimat.org\/#website","url":"https:\/\/fondationprimat.org\/","name":"Fondation Didier et Martine Primat","description":"","publisher":{"@id":"https:\/\/fondationprimat.org\/#organization"},"alternateName":"Fondation Primat","potentialAction":[{"@type":"SearchAction","target":{"@type":"EntryPoint","urlTemplate":"https:\/\/fondationprimat.org\/?s={search_term_string}"},"query-input":{"@type":"PropertyValueSpecification","valueRequired":true,"valueName":"search_term_string"}}],"inLanguage":"en-US"},{"@type":"Organization","@id":"https:\/\/fondationprimat.org\/#organization","name":"Fondation Didier et Martine Primat","url":"https:\/\/fondationprimat.org\/","logo":{"@type":"ImageObject","inLanguage":"en-US","@id":"https:\/\/fondationprimat.org\/#\/schema\/logo\/image\/","url":"https:\/\/fondationprimat.org\/wp-content\/uploads\/2026\/09\/Logo-Fondation-Primat.png.webp","contentUrl":"https:\/\/fondationprimat.org\/wp-content\/uploads\/2026\/09\/Logo-Fondation-Primat.png.webp","width":768,"height":742,"caption":"Fondation Didier et Martine Primat"},"image":{"@id":"https:\/\/fondationprimat.org\/#\/schema\/logo\/image\/"}}]}</script>
<!-- / Yoast SEO plugin. -->

L’école du Colibri, la pédagogie de la coopération (French) &#8211; Fondation Primat

Fondation Didier et Martine Primat - Vivre ensemble de manière responsable et durable
