{"version":"1.0","provider_name":"Fondation Primat","provider_url":"https:\/\/fondationprimat.org\/en\/","author_name":"Ga\u00ebl Lugaz","author_url":"https:\/\/fondationprimat.org\/en\/author\/brandlift\/","title":"Festival Nature la Chev\u00eache 2023 &#8211; Fondation Primat","type":"rich","width":600,"height":338,"html":"<blockquote class=\"wp-embedded-content\" data-secret=\"1iA8SkpceO\"><a href=\"https:\/\/fondationprimat.org\/en\/festival-nature-la-cheveche-2023\/\">Festival Nature la Chev\u00eache 2023<\/a><\/blockquote><iframe sandbox=\"allow-scripts\" security=\"restricted\" src=\"https:\/\/fondationprimat.org\/en\/festival-nature-la-cheveche-2023\/embed\/#?secret=1iA8SkpceO\" width=\"600\" height=\"338\" title=\"&#8220;Festival Nature la Chev\u00eache 2023&#8221; &#8212; Fondation Primat\" data-secret=\"1iA8SkpceO\" frameborder=\"0\" marginwidth=\"0\" marginheight=\"0\" scrolling=\"no\" class=\"wp-embedded-content\"><\/iframe><script>\n\/*! This file is auto-generated *\/\n!function(d,l){\"use strict\";l.querySelector&&d.addEventListener&&\"undefined\"!=typeof URL&&(d.wp=d.wp||{},d.wp.receiveEmbedMessage||(d.wp.receiveEmbedMessage=function(e){var t=e.data;if((t||t.secret||t.message||t.value)&&!\/[^a-zA-Z0-9]\/.test(t.secret)){for(var s,r,n,a=l.querySelectorAll('iframe[data-secret=\"'+t.secret+'\"]'),o=l.querySelectorAll('blockquote[data-secret=\"'+t.secret+'\"]'),c=new RegExp(\"^https?:$\",\"i\"),i=0;i<o.length;i++)o[i].style.display=\"none\";for(i=0;i<a.length;i++)s=a[i],e.source===s.contentWindow&&(s.removeAttribute(\"style\"),\"height\"===t.message?(1e3<(r=parseInt(t.value,10))?r=1e3:~~r<200&&(r=200),s.height=r):\"link\"===t.message&&(r=new URL(s.getAttribute(\"src\")),n=new URL(t.value),c.test(n.protocol))&&n.host===r.host&&l.activeElement===s&&(d.top.location.href=t.value))}},d.addEventListener(\"message\",d.wp.receiveEmbedMessage,!1),l.addEventListener(\"DOMContentLoaded\",function(){for(var e,t,s=l.querySelectorAll(\"iframe.wp-embedded-content\"),r=0;r<s.length;r++)(t=(e=s[r]).getAttribute(\"data-secret\"))||(t=Math.random().toString(36).substring(2,12),e.src+=\"#?secret=\"+t,e.setAttribute(\"data-secret\",t)),e.contentWindow.postMessage({message:\"ready\",secret:t},\"*\")},!1)))}(window,document);\n\/\/# sourceURL=https:\/\/fondationprimat.org\/wp-includes\/js\/wp-embed.min.js\n<\/script>\n","thumbnail_url":"https:\/\/fondationprimat.org\/wp-content\/uploads\/2022\/10\/Photo2.jpg","thumbnail_width":2560,"thumbnail_height":1707,"description":"Promenons nous dans les bois tant que\u2026 Les rendez-vous chev\u00eache du\u00a01er au 23 mars Le weekend chev\u00eache, les 24, 25 et 26 mars La for\u00eat,\u00a0pour son enjeu environnemental, social, \u00e9conomique et spirituel. La for\u00eat est de plus en plus au c\u0153ur des actualit\u00e9s au travers des incendies de cet \u00e9t\u00e9, l\u2019augmentation de la demande en [&hellip;]"}

Gaël Lugaz

Festival Nature la Chevêche 2023 &#8211; Fondation Primat

<blockquote class="wp-embedded-content" data-secret="1iA8SkpceO"><a href="https://fondationprimat.org/en/festival-nature-la-cheveche-2023/">Festival Nature la Chevêche 2023</a></blockquote><iframe sandbox="allow-scripts" security="restricted" src="https://fondationprimat.org/en/festival-nature-la-cheveche-2023/embed/#?secret=1iA8SkpceO" width="600" height="338" title="&#8220;Festival Nature la Chevêche 2023&#8221; &#8212; Fondation Primat" data-secret="1iA8SkpceO" frameborder="0" marginwidth="0" marginheight="0" scrolling="no" class="wp-embedded-content"></iframe><script>
/*! This file is auto-generated */
!function(d,l){"use strict";l.querySelector&&d.addEventListener&&"undefined"!=typeof URL&&(d.wp=d.wp||{},d.wp.receiveEmbedMessage||(d.wp.receiveEmbedMessage=function(e){var t=e.data;if((t||t.secret||t.message||t.value)&&!/[^a-zA-Z0-9]/.test(t.secret)){for(var s,r,n,a=l.querySelectorAll('iframe[data-secret="'+t.secret+'"]'),o=l.querySelectorAll('blockquote[data-secret="'+t.secret+'"]'),c=new RegExp("^https?:$","i"),i=0;i<o.length;i++)o[i].style.display="none";for(i=0;i<a.length;i++)s=a[i],e.source===s.contentWindow&&(s.removeAttribute("style"),"height"===t.message?(1e3<(r=parseInt(t.value,10))?r=1e3:~~r<200&&(r=200),s.height=r):"link"===t.message&&(r=new URL(s.getAttribute("src")),n=new URL(t.value),c.test(n.protocol))&&n.host===r.host&&l.activeElement===s&&(d.top.location.href=t.value))}},d.addEventListener("message",d.wp.receiveEmbedMessage,!1),l.addEventListener("DOMContentLoaded",function(){for(var e,t,s=l.querySelectorAll("iframe.wp-embedded-content"),r=0;r<s.length;r++)(t=(e=s[r]).getAttribute("data-secret"))||(t=Math.random().toString(36).substring(2,12),e.src+="#?secret="+t,e.setAttribute("data-secret",t)),e.contentWindow.postMessage({message:"ready",secret:t},"*")},!1)))}(window,document);
//# sourceURL=https://fondationprimat.org/wp-includes/js/wp-embed.min.js
</script>

Promenons nous dans les bois tant que… Les rendez-vous chevêche du 1er au 23 mars Le weekend chevêche, les 24, 25 et 26 mars La forêt, pour son enjeu environnemental, social, économique et spirituel. La forêt est de plus en plus au cœur des actualités au travers des incendies de cet été, l’augmentation de la demande en [&hellip;]
